*2 - 2/3*s**3 + 0*s. What are the prime factors of p(-4)?
2
Let c be 3 + (-4 - (2 - 1)). List the prime factors of c/3*(-35 - 1).
2, 3
Let b(j) = 1. Let a(m) = -m**2 + 2*m - 1. Let u(y) = -a(y) + 3*b(y). What are the prime factors of u(5)?
19
Let i = 21 - 15. Suppose i*v - 55 = v. List the prime factors of v.
11
Let g = -1 - -1. Let v be 80/(-24)*3/(-2). Suppose y - v + 0 = g. What are the prime factors of y?
5
Let b(w) be the third derivative of 7*w**6/120 - w**5/60 + w**4/24 + w**2. Let y be b(1). Let l = 12 - y. What are the prime factors of l?
5
Let k = 1 + 9. Suppose k = u + 2. What are the prime factors of u?
2
Let o be 46*2/4 + 1. Let y = o - 13. What are the prime factors of y?
11
Suppose -3*v = -4*i + 276, -3*v = -6*v + 12. What are the prime factors of i?
2, 3
Let f be (-36)/(-6)*(-2)/(-3). Suppose 2*z + f*a = 3*a + 47, -4*z + 97 = -a. What are the prime factors of z?
2, 3
Suppose -2 = -l + 1. Suppose 0*b - l*b = -9. What are the prime factors of b?
3
Let m(o) = -o - 1. Let f(i) = -11*i - 6. Let z(d) = f(d) - 4*m(d). Let t be z(-4). Let v = t + -9. List the prime factors of v.
17
Let w be 4128/40 - (-1)/(-5). Suppose 5*g - w = 17. List the prime factors of g.
2, 3
Let o = 48 + -28. Suppose 2*d + 0*d - x = -o, -10 = d + 2*x. Let k = 9 - d. List the prime factors of k.
19
Let r(g) = 7*g + 3. List the prime factors of r(4).
31
Suppose -4*u + 257 + 118 = 5*b, 0 = -b - 4*u + 91. What are the prime factors of b?
71
Suppose 0 = -0*f + 5*f - 20. Suppose -3*c = -i - 122, -f*c + 53 = -2*c + 5*i. Suppose v - 27 = -3*q, -3*v = -4*q + q + c. What are the prime factors of q?
2, 5
Suppose 0 = -4*i + 10 + 2. Let l be 2/(4*i/18). Suppose -2*d - 3*m + 23 = 0, 2*m = l*d + 7*m - 34. What are the prime factors of d?
13
Let l be ((-40)/12)/(2/(-30)). Let o be (4/(-5))/((-4)/l). Suppose -4*u - u + o = 0. What are the prime factors of u?
2
Let q(m) = m**2 + 5*m. List the prime factors of q(-12).
2, 3, 7
Let l be (-1)/(1/(-1)*-1). Let b(a) = 13*a**2 + 2*a + 1. List the prime factors of b(l).
2, 3
Let n(w) = -2*w**2 + 5*w + 1. Let u be n(4). Let k = u + 18. What are the prime factors of k?
7
Let w(l) = -5 - 3*l**3 - 2*l + 2*l**3 + 2*l**2 - 8*l**2. Suppose 5*d + 12 = 3*d. What are the prime factors of w(d)?
7
Suppose 0*d + 2*d = -190. Let x = d + 47. List the prime factors of (3/4)/((-6)/x).
2, 3
Let l(w) = -w**3 + 9*w**2 - 5*w - 15. List the prime factors of l(8).
3
Suppose 3 = p - 31. List the prime factors of p.
2, 17
Suppose 0 = u - 4*k - 18, -3*k - 143 = -4*u - 45. Let d = -5 + u. Let o = d + -8. List the prime factors of o.
13
Let y = -51 - -131. What are the prime factors of 48/y + 64/10?
7
Suppose -4*j = -2*p - j - 3, -p = 4*j - 4. Let c(w) = 5 + 255*w - 255*w - w**2. What are the prime factors of c(p)?
5
Suppose 5*w - 19 = 2*n - n, 4*n - 4 = 0. Let j(l) be the second derivative of l**3/2 - 5*l**2/2 - 5*l. What are the prime factors of j(w)?
7
Let j(h) be the third derivative of -h**5/60 - 5*h**4/24 - 2*h**3/3 - 4*h**2. Let y be j(-5). What are the prime factors of (10/(-4))/(1/y)?
2, 5
Let b(i) = 11*i. List the prime factors of b(1).
11
Let p(w) = -w**3 + 3*w**2 + 3. Let k be p(3). Suppose q + k*b = 3, b + 1 - 24 = -4*q. List the prime factors of q.
2, 3
Let o(p) = 36*p**3 + p. List the prime factors of o(1).
37
Let t(w) be the first derivative of w**3/3 + 5*w**2/2 - 5. What are the prime factors of t(-6)?
2, 3
Let y(n) = -n**2 + 17*n + 6. List the prime factors of y(6).
2, 3
Let d = -43 - -81. What are the prime factors of d?
2, 19
Suppose -4*p = 4*v - 3*v - 104, 2*v - p - 172 = 0. What are the prime factors of v?
2, 11
Let k(b) = -b**3 - 2*b**2 + 2*b + 5. What are the prime factors of k(-6)?
137
Let w be -2*1324/(-8) - 2. Suppose w = 10*s - 3*s. What are the prime factors of s?
47
Let r(o) = o**3 + 8*o**2 + 10*o + 6. What are the prime factors of r(-5)?
31
Suppose -3*h + 0*h = -588. List the prime factors of h.
2, 7
Let l = 523 - 756. What are the prime factors of 2/12 - l/6?
3, 13
Suppose 10 = -b + 4*g, 3*b + 0*g - 5*g = -9. Suppose 0 = b*c + 2*c + 16. List the prime factors of (-72)/(-6)*c/(-3).
2
Suppose -3*x + 3 - 9 = 0. Let k = 3 + -3. Let o = k - x. What are the prime factors of o?
2
Suppose 2*j - 782 = -6*f + 3*f, -5*j - 272 = -f. Suppose 2*q - f = -3*p - 83, -4*p + 97 = q. Suppose q = -6*r + 11*r. What are the prime factors of r?
17
Suppose -y = 3*g - 505, 5*g = 8*g - y - 503. List the prime factors of g.
2, 3, 7
Suppose 2*f = 3*p + 6, -3*f = -0*f + 4*p + 8. Suppose -5*j + j = f. Suppose g = -5*d + 5, -3*g - d - 16 + 73 = j. List the prime factors of g.
2, 5
Let f = 7 + -3. List the prime factors of (f/4 - 0) + 29.
2, 3, 5
Let g(u) = -110*u**3 - 2*u**2 - 2*u. Let y be g(-1). Suppose -3*t - y = -2*o, -o - o - 4*t = -110. List the prime factors of o.
5, 11
What are the prime factors of 1*(4 - (-14)/(-4))*194?
97
Let b = -3 - -2. Let h be (-1 + -1 + b)*2. List the prime factors of (-2)/(-3) + (-50)/h.
3
Let v(t) = -t**2 - 4*t - 1. Let k be v(-8). What are the prime factors of (-6)/k - (-1578)/33?
2, 3
Let x be (-8)/((-2)/(-14)*-1). Suppose h + 4*a = -4*h + x, 2*h - 28 = 4*a. List the prime factors of h.
2, 3
Let b be 8/12 - 4/6. Suppose 3*o = 3*m - 3, -5*m + 10 + 1 = -2*o. Suppose b = 2*g + 6, 14 + 25 = m*k - 5*g. List the prime factors of k.
2
Let a(f) = -f**2 - 12*f - 1. Let s(w) = 5*w**2 + 49*w + 5. Let g(p) = -9*a(p) - 2*s(p). What are the prime factors of g(8)?
3, 5
Suppose -4 = -2*s - 4*f, 1 = -4*s - f + 9. Suppose -2*y = -4*y + 4. Suppose y = -5*x + 7, s*x + 18 = 5*u. What are the prime factors of u?
2
Let b = 109 + -42. List the prime factors of b.
67
Suppose -5*u = -i + 51, i + 7*u - 21 = 2*u. Let b = i - 11. Suppose -65 = -5*p + 5*g, 0 = -3*p + 4*g + 18 + b. List the prime factors of p.
3
Suppose i + i - 4 = 0. Let v be ((-24)/10)/(i/(-30)). Suppose -p - 3*p + v = 0. What are the prime factors of p?
3
Suppose 5*v - 30 = 5*k, 0 = 3*v + 2*k - 0 - 3. Suppose v*i = 4*i + 2. List the prime factors of -2 + -1 + i + 7.
2
Let q(o) = 3*o**3 + 3*o**2 + 4*o + 2. Let g be q(-2). Let s = -30 - g. What are the prime factors of (-3)/(-4)*s/(-3)?
3
Let j(u) = u + 7. Let h be j(-6). Suppose q + 2 - h = 2*i, -13 = -2*i - 3*q. List the prime factors of i.
2
Let c be (-3)/(-6)*(1 - 13). Let d(q) = q**2 - q - 1. Let u be d(c). Suppose -5 + u = 4*s. List the prime factors of s.
3
Let f be (6/15)/(2/20). Suppose 125 = f*n + n. What are the prime factors of n?
5
Let h(j) = -5*j + 11. What are the prime factors of h(-6)?
41
Let u = -49 + 93. What are the prime factors of u?
2, 11
Suppose 0 = 4*p - 18 - 6. Suppose -5*n - 68 = 2*y + 47, 0 = -y + 2*n - 80. What are the prime factors of y/(-9) - p/(-27)?
2
Let b be (-9)/(-12)*(3 - -109). Suppose 5*z = -c + b, 0 = z + c - 4*c - 20. List the prime factors of z.
17
Suppose 4 = h + h, -4*h + 55 = w. Let t = -34 + w. List the prime factors of t.
13
Suppose b = -0*b + 4. Suppose -b*q = -12 - 0. What are the prime factors of (-1 + 4)/(q/4)?
2
Let w(m) = 3*m + 4. Let z be 4/(-6)*(-27)/6. What are the prime factors of w(z)?
13
Let w(b) = b**2 + 10*b + 12. Let a be w(-10). Suppose 3*o - 136 + a = 2*f, f + 5 = 0. What are the prime factors of o?
2, 19
Suppose 0 = 2*z - 427 + 63. What are the prime factors of z?
2, 7, 13
Let o be 21/4 - 2/8. Suppose -3*g + o*j = 12, -5*g = j - 2*j - 2. Let s = g + 8. List the prime factors of s.
3
Let f(b) = -2*b - 8. List the prime factors of f(-11).
2, 7
Suppose 25 = 2*d - 11. Suppose 2*k = d + 14. What are the prime factors of k?
2
Suppose -3*j - 3*j = -288. Suppose 0 = -8*x + 5*x + j. What are the prime factors of x?
2
Suppose 10*h - 726 = -h. List the prime factors of h.
2, 3, 11
Suppose 3*t - 1 - 11 = 0. Let v = 6 - t. List the prime factors of v*(-1 + -2 - -6).
2, 3
Let k(c) = -c**3 + 8*c**2 + 7*c. Let s be k(8). Suppose 0*r + s = 4*r. Suppose 0 = -0*l + 2*l - r. List the prime factors of l.
7
Suppose 0 = 2*x + x - 24. Suppose 4*y + 3*w = w + x, -13 = -5*y - 4*w. List the prime factors of y/3*(-1 - -7).
2
Let r(k) = -k**3 - 9*k**2 - 3*k + 2. Suppose 0 = 6*t - 3*t + 21. Let h be r(t). What are the prime factors of h/(-18) + 2/(-12)?
2
Let l(s) = -s**3 - 4*s**2 + 6*s - 3. List the prime factors of l(-6).
3, 11
Suppose x + 93 = 4*x. Let v = -21 + x. What are the prime factors of v?
